 2*u(i). Let p(d) be the first derivative of m(d). Give p(2).
10
Let f(x) = -2 + 0*x + 13*x**2 - 12*x**2 - 7*x - 23. What is f(10)?
5
Suppose 5*p - 56 = 7*p + 3*c, -83 = 3*p + 4*c. Let k = 25 + 4. Let d = p + k. Let x(m) = -2*m + 2. Give x(d).
-6
Let a be (3 - 1)/(22 + -23). Let c be (4 + a)/(-3*2/3). Let z(i) = i**3 + i**2. Give z(c).
0
Let o(m) = 1. Suppose -5*q - 6 + 1 = 0. Let x(v) = -v + 14. Let n(l) = q*x(l) + 2*o(l). Let h = -1347 - -1352. Give n(h).
-7
Let i = 59 + -48. Suppose -3*t - i = -5*k, -12 + 5 = 2*t - 3*k. Let y(s) = -2*s**2 + 3*s + 1. Give y(t).
-13
Let a(s) = s**2 - 9*s - 24. Let j be a(11). Let m(y) = 7*y**2 - 3*y - 1. What is m(j)?
33
Let f(j) = 186*j + 190*j + 3*j**2 - 2*j**2 - 5 - 372*j. Calculate f(-5).
0
Let i(j) = j - 22. Let y be i(27). Let c(b) = -b**3 + 4*b**2 + b + 2. Calculate c(y).
-18
Let u(j) = 3 + 9*j**2 - 2 - 6*j**2 - 2. Let l(r) = r**2 - 2*r - 3. Let g be l(3). Suppose 2*o - 5*z + 2 + 5 = g, -3*z = 4*o + 1. Determine u(o).
2
Suppose -6 = -3*x - w + 2*w, -2*x = -5*w - 4. Let t(z) = 5*z + 10 - 15 + 9 + z**x. Determine t(-6).
10
Let l(u) = -u**3 - u**2 + u + 4. Let w be (0 + 0)/(0 - 1). Calculate l(w).
4
Let z(t) = -2*t**2 + 19*t - 12. Let k(b) = b**2 - 9*b + 4. Let h(s) = 7*k(s) + 3*z(s). Give h(-2).
8
Let s(r) = -8*r**2 + 21*r - 5. Let i(x) = 18*x**2 - 45*x + 11. Let y(p) = -6*i(p) - 13*s(p). Give y(-2).
-11
Let i(l) be the first derivative of 6*l + 2*l**3 - l**2 + 10 - 1/4*l**4. What is i(6)?
-6
Let f(m) = -6*m - 6. Suppose 7*b - 3*b = -20. Let y = b + 9. Let c(w) = 7*w + 7. Let l(s) = y*c(s) + 5*f(s). What is l(-3)?
4
Let u(c) = -2 + 10*c**2 - 8*c**2 + 4*c - 7*c - c**2. Calculate u(6).
16
Let h(k) = k**3 - 2*k + 1. Let s be h(-2). Let i(d) = 2*d**2 + 3*d + 1. Calculate i(s).
10
Suppose -5*w + 12 = -8*w. Let y(g) = -5*g**2 + 1. Let n(m) = -m**2 + m. Let x(a) = 4*n(a) - y(a). What is x(w)?
-1
Suppose 6 = -i + 8. Let h(o) = o**i - 24*o + 8*o + 1 + 6*o. Give h(9).
-8
Let v(w) = -w**3 - 6*w**2 + w + 8. Let f be ((-204)/119)/(2/7). Calculate v(f).
2
Let r(h) = h**3 + 4*h**2 - 5*h. Suppose 2*q = -3*q + 70. Suppose -q*n = -19*n - 25. Determine r(n).
0
Let j(l) = 2*l**2 - 3*l - 3. Let g(q) = -4*q**2 + 6*q + 6. Let y = -1 + -10. Let s(t) = y*j(t) - 6*g(t). Let k be 6/10 + 39/(-15). Calculate s(k).
11
Let c(h) be the first derivative of -1/24*h**4 + 1 - h**2 + 0*h - 1/3*h**3. Let u(o) be the second derivative of c(o). What is u(-5)?
3
Let u(x) = x**2 + 7*x - 7. Let p be u(-8). Suppose -3*q - p = -7. Let r(h) = -3*h + 6*h + h**2 + h - q. Determine r(-5).
3
Suppose -4*c = -16 - 4. Let q(x) = -4*x**2 - 21*x - 3. Let g(s) = -3*s**2 - 14*s - 2. Let w = 4 - -1. Let n(y) = w*q(y) - 7*g(y). Determine n(c).
-11
Let p(l) = -12 + 24*l**3 - l + 0*l - 25*l**3 - 8*l**2 + 9 - l. Determine p(-8).
13
Let j(g) = -g**2 - 9*g - 3. Suppose -429*u = -427*u + 16. What is j(u)?
5
Let c(h) be the second derivative of -h**3/2 + 5*h**2/2 - 8*h. Let v(w) = -w + 3. Let g(a) = -3*c(a) + 7*v(a). Give g(-7).
-8
Let o(x) = x**3 - 5*x**2 + 5*x - 2. Suppose 0 = 18*r - 51 - 3. What is o(r)?
-5
Let x(u) = -623*u - 5 - 639*u + 1260*u. Determine x(16).
-37
Let t be (-4)/2 - -4 - 3. Let n(x) be the second derivative of -x**5/5 + x**3/6 + 6*x. Determine n(t).
3
Let d(m) be the third derivative of -13*m**6/60 + m**5/30 + m**4/12 + m**3/6 + 341*m**2. Give d(-1).
27
Let o be 0 + 0 + 6 + -2. Let w(i) = -4 - 4 - 3*i + 2 + 3 + 0*i. Give w(o).
-15
Let d(w) = -w - 1. Suppose -4*g + 2*g - 3*m = -12, -19 = -g + 5*m. Suppose t - g + 2 = 0. Determine d(t).
-8
Let o(t) = t + 6. Let h(w) = -w - 11. Let m(k) = 4*h(k) + 7*o(k). Suppose -2*a - 4*l = 16, l + 3 = -2. Give m(a).
4
Let y(g) be the second derivative of g**3/3 + 26*g**2 + 304*g. What is y(0)?
52
Suppose -5*n - 3*m + 23 = 0, -3*m - 1 + 0 = -n. Suppose 2*x + n*h = 14, 2*x = 2*h - 3 - 7. Let g(k) = 10*k**3 + k + 1. Calculate g(x).
-10
Let g(d) = -d**2 - 2*d + 6. Let c be (-4)/(5 + -4) - (-1 - -3). Calculate g(c).
-18
Suppose 6*m = -2*m. Suppose m = 3*q - 14 + 23. Let r(v) = v**2 + v - 4. Calculate r(q).
2
Let w = 3 + -11. Let u be (-6)/w - 90/(-40) - 6. Let i(a) = a**2 - a - 3 + 0*a + 5*a. Give i(u).
-6
Let u(w) = w + 3. Let j be (72/30)/(2/20). Suppose 4*y - 22 = 2*n, -2*y - n + j = 3*y. Calculate u(y).
8
Suppose 0*j + 52 = -3*c - 5*j, -3*j = -4*c - 50. Let a(o) = -o**3 - 15*o**2 - 15*o - 12. Let q be a(c). Let f(b) = 0*b**2 - 6*b - b**q + b + 2. Give f(-6).
-4
Let p(a) = 3*a + 9. Let o(l) = -4*l - 9. Let q(y) = -2*o(y) - 3*p(y). Suppose 2*g + 8*g + 43 = -47. Calculate q(g).
0
Let v(a) = 6*a**3 + 2*a**2 + 2*a + 1. Let g = 7 - 1. Suppose -4 = -2*l + g, 5*x - 70 = 5*l. Let c = x - 20. Determine v(c).
-5
Let z(x) = -7*x - 18 + 8*x - 8. Calculate z(0).
-26
Let k(c) = -c**2 - 5*c - 9*c + 15*c. Let l be k(2). Let u(w) = 3*w**2 + 2*w + 1. Determine u(l).
9
Suppose 0*a = a - 1, -5*w + 34 = 4*a. Let b(o) = w*o - 3*o + 1 - 4*o**2 + o**2 + 4*o**2. Give b(-4).
5
Let r(q) = q**3 + 7*q**2. Let x(n) be the first derivative of -n**4/2 - 11*n**3/3 - 26. Let z(t) = -8*r(t) - 5*x(t). Calculate z(1).
1
Let k(w) = -2*w**3 - 4*w**2 - 4*w + 7. Let p(i) = 3*i**3 + 4*i**2 + 4*i - 9. Let v(b) = 4*k(b) + 3*p(b). What is v(5)?
6
Let y(g) be the third derivative of 5*g**4/24 + 15*g**2. Let o(b) = -11*b + 1. Let s(j) = -2*o(j) - 5*y(j). What is s(4)?
-14
Let i(f) = 22*f**3 - 2*f**2 - 2*f + 3. Let o be i(1). Let m(j) = -j**2 + 20*j + 11. Give m(o).
-10
Let s(j) = j**2 + j + 1. Let x(m) = 2*m**2 - 3*m - 1. Let h(v) = 3*s(v) - x(v). Let p be h(-6). Suppose -10 = -u - p*u. Let l(a) = 2*a**2 - 2*a + 1. Give l(u).
5
Let m be -5 + 2 + 2 - (-11 - -15). Let l(y) = -y**3 - 5*y**2 - y - 5. Calculate l(m).
0
Let p = 107 - 117. Let q(b) = -5*b**3 - 66*b**2 - 55*b - 31. Let o(d) = -d**3 - 13*d**2 - 11*d - 6. Let s(j) = -11*o(j) + 2*q(j). Give s(p).
-6
Suppose 7 = -l + 14. Suppose 0*b = -b - l. Let z(p) = -1 + 0*p - 6*p - 7*p + 12*p. Give z(b).
6
Let p(r) = 6*r**2 - 6*r + 6. Let t(m) = -m**2. Let z(v) = -p(v) - 8*t(v). Let n(f) = -1. Let g(c) = -8*n(c) + z(c). Let j be -4 + (6 - 2)/1 - 4. Determine g(j).
10
Let g(j) be the third derivative of -j**5/60 + j**4/2 - 13*j**3/6 + 38*j**2. Give g(10).
7
Let s(c) = c. Let b(x) = 5*x - 6. Let f(y) = -y**2 + 5*y + 12. Let p be f(6). Let g(q) = p*s(q) - b(q). What is g(7)?
13
Let x(v) be the third derivative of 13*v**4/24 - v**3/6 - 111*v**2 - v. Calculate x(2).
25
Let x(r) = r - 4. Let w be x(0). Let b(f) be the third derivative of f**6/120 + f**5/20 - f**4/4 - 5*f**3/6 - 46*f**2. What is b(w)?
3
Let c be (-9)/6*(-6)/1. Suppose -c + 34 = 5*y. Let p(z) be the second derivative of z**4/12 - 7*z**3/6 + 7*z**2/2 + 58*z. Determine p(y).
-3
Suppose 0 = -3*w - 2*w - 5. Let o(k) = -20*k - 1. Let n(u) = -21*u - 1. Let s(l) = 5*n(l) - 6*o(l). Give s(w).
-14
Let p(b) = -b**2 + 13*b - 11. Suppose 0 = -3*t + 1 + 23. Calculate p(t).
29
Suppose 5*n - 477 - 243 = 0. Let v be n/(-56) + 3/(-7). Let c(k) = -k**2 - 4*k - 1. Give c(v).
2
Let u(y) = 4*y**2 - y. Let d(z) = -3*z**2 - 20*z + 9. Let w be d(-7). Determine u(w).
14
Let h be (-1408)/(-26) + 28/(-182). Let i(c) = 110*c + 9 - 53*c - h*c. Calculate i(-7).
-12
Let g(d) = d**2 - 8*d - 7. Suppose 4*s = 8 + 16. Suppose 2*z - s*z = -32. What is g(z)?
-7
Let x(n) = n**2 + n + 2. Let t be x(-2). Suppose -5*h + 2*h - 4*s + 41 = 0, -2*h - 3*s + 29 = 0. Suppose h*l = t*l. Let k(u) = u - 3. Give k(l).
-3
Let p(q) = 3*q + 2*q**3 - 5288 - q**3 - 4*q**2 + 5287. Give p(4).
11
Suppose 4*p - 1 = 3*p. Let n(x) = 1. Let c(l) = 17*l - 7. Let y(f) = -17*f + 6. Let t(s) = -2*c(s) - 3*y(s). Let z(q) = -3*n(q) - t(q). Give z(p).
-16
Let n(f) be the second derivative of 5*f**3/6 + f**2/2 + 408*f. Give n(-2).
-9
Let n(p) = 0 + 13*p**2 - 2*p - 5*p**2 + 1. Let g be (4 - (-8 + 11))*1. Determine n(g).
7
Let s(x) be the first derivative of -x**3/3 + 8*x**2 + 15*x - 422. Calculate s(17).
-2
Suppose -7*t = -25*t - 36. Let q(b) = 2 - 3*b**2 + 6*b**2 + 3*b + 2*b**2. Calculate q(t).
16
Let n(a) = a**3 - 6*a**2 + 7*a - 6. Let j = 39 - 23. Let h be j/3 + (-1)/3. What is n(h)?
4
Suppose -5*q - 9 = -4*x, 2*q - 8 = -x - 22. Let d(l) = -l**3 - 7*l**2 - 11*l - 4. What is d(q)?
1
Let y(g) = 83 - 6*g + 86 - 254 + 87. Give y(7).
-40
Let m(y) = y**3 + 6*y**2 + 4*y + 3. Let l be (-30)/25*(-75)/6. Let b = -13 + l. Suppose -5*o